 0?
-4a8
In base 2, what is 10 - 10110?
-10100
In base 15, what is 3996 + -3?
3993
In base 10, what is 25 - 12?
13
In base 5, what is -324 - -3?
-321
In base 7, what is 230 - -24?
254
In base 2, what is 110010110 + 10?
110011000
In base 5, what is 2 - -2221?
2223
In base 16, what is -a9 - -5?
-a4
In base 8, what is 137 + 0?
137
In base 15, what is -5c - -4?
-58
In base 13, what is -42 + -a?
-4c
In base 4, what is -3321 + 0?
-3321
In base 16, what is d - -17?
24
In base 4, what is 102201 + -2?
102133
In base 16, what is 34 + -5?
2f
In base 10, what is 511 + 5?
516
In base 3, what is 2010 - 1?
2002
In base 15, what is -5 - 127?
-12c
In base 2, what is 11011001110111 - 11?
11011001110100
In base 2, what is 100 + -100111?
-100011
In base 11, what is -675 + -10?
-685
In base 10, what is -2 - -14?
12
In base 16, what is -277 + 4?
-273
In base 15, what is -90 + -3?
-93
In base 11, what is 11398 + 1?
11399
In base 16, what is 4 + -164?
-160
In base 8, what is 1 - -11?
12
In base 15, what is 18 - -5c?
75
In base 7, what is 45 + 466?
544
In base 10, what is 50 - -1?
51
In base 7, what is 62 - -16?
111
In base 13, what is -51 + 4?
-4a
In base 11, what is a7 + -4?
a3
In base 3, what is -1 - 100001?
-100002
In base 6, what is 151 - -14?
205
In base 3, what is -101200 + -12?
-101212
In base 5, what is 130 - 1?
124
In base 11, what is -6 + -10?
-16
In base 14, what is -4 - -145?
141
In base 4, what is 2 - -113?
121
In base 3, what is -1001 + -22?
-1100
In base 4, what is 13 + 2203?
2222
In base 8, what is 21 - 22?
-1
In base 12, what is 2 - 53?
-51
In base 10, what is -66 - 3?
-69
In base 4, what is -3 + 20030?
20021
In base 2, what is -1101 - 1000111?
-1010100
In base 5, what is 0 + -144?
-144
In base 2, what is 0 + 1100?
1100
In base 4, what is 10332 - -11?
11003
In base 9, what is -205 + 1?
-204
In base 11, what is 5 + -25a?
-255
In base 4, what is -2 + 211022?
211020
In base 6, what is -1130 + -4?
-1134
In base 9, what is 4 - -254?
258
In base 9, what is 5 - 422?
-416
In base 10, what is 0 - 25?
-25
In base 16, what is 2 - -15?
17
In base 15, what is -113 + 2?
-111
In base 3, what is -10 - -20?
10
In base 16, what is 2e + -25?
9
In base 10, what is -7 - -586?
579
In base 14, what is 69 - -3?
6c
In base 10, what is -32 + -9?
-41
In base 11, what is 1 - 311?
-310
In base 7, what is -1365 + -5?
-1403
In base 14, what is -99 + 4?
-95
In base 14, what is -2 + -19?
-1b
In base 3, what is -2221 - -10?
-2211
In base 13, what is 5 - -254?
259
In base 6, what is -4 - -2114?
2110
In base 9, what is -27 + -2?
-30
In base 6, what is -100511 - 1?
-100512
In base 6, what is 110011 - -2?
110013
In base 15, what is -3 - 10e8?
-10eb
In base 5, what is 2 + -303?
-301
In base 2, what is -100000 + -10?
-100010
In base 7, what is 21 - 11?
10
In base 5, what is -134 + -4?
-143
In base 8, what is -20667 - 3?
-20672
In base 2, what is -1101100 - -10?
-1101010
In base 3, what is 1012 - -112?
1201
In base 15, what is 2 + 14b4?
14b6
In base 8, what is -3 + 511?
506
In base 9, what is 0 + 2678?
2678
In base 7, what is 3535 + 11?
3546
In base 15, what is -9 - -298?
28e
In base 9, what is -214 - 0?
-214
In base 16, what is 72 - -5?
77
In base 4, what is 1 + -1?
0
In base 9, what is 5233 + -5?
5227
In base 9, what is 86 - 16?
70
In base 6, what is -35 + 0?
-35
In base 10, what is -1 - 337?
-338
In base 11, what is 11 - a04?
-9a3
In base 12, what is 29 + -a?
1b
In base 9, what is 21413 + -1?
21412
In base 15, what is 293c + -5?
2937
In base 11, what is 0 - 41?
-41
In base 12, what is 18 - 719?
-701
In base 5, what is -4120 + 1?
-4114
In base 16, what is 3e3 - 4?
3df
In base 8, what is 6 + 2?
10
In base 14, what is -368 + 6?
-362
In base 10, what is -1 + -40?
-41
In base 15, what is -2d1 + -5?
-2d6
In base 5, what is 10 + -244?
-234
In base 15, what is -4 - 930?
-934
In base 11, what is -2 + -2a4?
-2a6
In base 16, what is 4 - -8e?
92
In base 7, what is -2 + -533?
-535
In base 4, what is -202 + -2?
-210
In base 5, what is 21111 + 13?
21124
In base 11, what is 1361 + 3?
1364
In base 6, what is 30014 + -2?
30012
In base 4, what is -110 - -10?
-100
In base 15, what is -54 - 0?
-54
In base 10, what is -1 - -107?
106
In base 15, what is 4 - 500?
-4eb
In base 4, what is -10 - -110000?
103330
In base 13, what is -3 - 1310?
-1313
In base 4, what is 31100 + 0?
31100
In base 6, what is -1222 - 11?
-1233
In base 16, what is ed9 - -4?
edd
In base 14, what is -534 - -1?
-533
In base 13, what is 4 + -a7?
-a3
In base 7, what is -105 + -35?
-143
In base 6, what is -520 - 111?
-1031
In base 9, what is -158 + 4?
-154
In base 7, what is -1 - 14051?
-14052
In base 4, what is 11 + -10131?
-10120
In base 9, what is -3 + 5363?
5360
In base 11, what is -1913 - -8?
-1906
In base 4, what is -1 - -313101?
313100
In base 5, what is 1011 + 11?
1022
In base 7, what is 5 - 1461?
-1453
In base 6, what is -512 + -4?
-520
In base 8, what is 30 - -32?
62
In base 10, what is 1 + 107?
108
In base 5, what is -30 + -2330?
-2410
In base 13, what is -2b - -218?
1ba
In base 15, what is -6d + 1?
-6c
In base 3, what is -11 + -1110?
-1121
In base 5, what is -14031 - -3?
-14023
In base 15, what is -a4 + -2?
-a6
In base 9, what is 15 + -6?
8
In base 4, what is 1030 + 22?
1112
In base 8, what is 4 - -1250?
1254
In base 4, what is -11 + -200?
-211
In base 14, what is -10 - 68?
-78
In base 5, what is -1 + -1100?
-1101
In base 11, what is -a03 + 2?
-a01
In base 12, what is 20744 - -2?
20746
In base 4, what is -202 - 11?
-213
In base 15, what is 0 + b9?
b9
In base 10, what is 19158 + 5?
19163
In base 4, what is 213 - -22?
301
In base 4, what is -13 + 2123?
2110
In base 6, what is 2151 + -1?
2150
In base 16, what is 6b4 + -c?
6a8
In base 6, what is 54 - 142?
-44
In base 3, what is 2102 - -1112?
10221
In base 4, what is 10 + 20102?
20112
In base 13, what is -ca - 5?
-102
In base 5, what is -12 + 130?
113
In base 8, what is 5 - 266?
-261
In base 4, what is -10 - 1110?
-1120
In base 8, what is 6 - -4127?
4135
In base 7, what is 31 - 5?
23
In base 8, what is 0 - -6?
6
In base 4, what is -3 - -100113?
100110
In base 11, what is -2770 + -2?
-2772
In base 9, what is -133 + -8?
-142
In base 11, what is -30 + 10?
-20
In base 3, what is 10 - -101?
111
In base 7, what is -33 + -4?
-40
In base 3, what is -20021011 + 0?
-20021011
In base 13, what is 76 - -14?
8a
In base 16, what is -e + -ab?
-b9
In base 3, what is 1 + -212?
-211
In base 7, what is -1 + -261?
-262
In base 2, what is -11010110 + 10?
-11010100
In base 10, what is -2219 + -2?
-2221
In base 6, what is -1220 - 2?
-1222
In base 10, what is 59 - 2?
57
In base 9, what is 84 - -624?
718
In base 14, what is -4 - -32?
2c
In base 16, what is 912 - 1?
911
In base 12, what is -4 - 2866?
-286a
In base 11, what is 6310 - 4?
6307
In base 8, what is 4062 - -3?
4065
In base 12, what is b85 + -5?
b80
In base 13, what is 23 - 17?
9
In base 5, what is 112 + -20?
42
In base 9, what is 12 + -106?
-84
In base 16, what is 4 - -30?
34
In base 4, what is -111 - -20?
-31
In base 14, what is -3 - 14?
-17
In base 10, what is -27 + -6?
-33
In base 15, what is 848 - -3?
84b
In base 10, what is -1406 + -2?
-1408
In base 2, what is 0 + -10010010?
-10010010
In base 10, what is 10358 - -3?
10361
In base 2, what is -100011110 - -101?
-100011001
In base 10, what is 10 + 15?
25
In base 8, what is 1272 + 3?
1275
In base 9, what is -5823 + 1?
-5822
In base 13, what is -a + -1b0?
-1ba
In base 3, what is 10 + -10?
0
In base 13, what is 3 - -62?
65
In base 5, what is 30413 - -10?
30423
In base 11, what is 14 + -22?
-9
In base 6, what is -5 - -2?
-3
In base 2, what is 1110 - 100100?
-10110
In base 16, what is -1f2 + -10?
-202
In base 14, what is 14a - 11?
139
In base 8, what is 3 - -1142?
1145
In base 14, what is -a3 + c?
-95
In base 14, what is 51 - c?
43
In base 10, what is 94 + 15?
109
In base 14, what is -560 - -2d?
-531
In base 10, what is -3 - -155?
152
In base 11, what is 35 - -16?
50
In base 6, what is -5 - -142?
133
In base 12, what is 17 + 1?
18
In base 3, what is -10 - 200?
-210
In base 10, what is 4 + 9?
13
In base 16, what is 0 + b2?
b2
In base 15, what is 3 - 69?
-66
In base 15, what is -c + 8?
-4
In base 6, what is 4 + 13052?
13100
In base 8, what is -6 + 25?
17
In base 2, what is 101 - -110?
1011
In base 3, what